e the greatest common factor of 21 and 203.
7
What is the greatest common factor of 7889 and 23?
23
What is the greatest common factor of 174 and 30?
6
Calculate the highest common divisor of 234 and 324.
18
Calculate the greatest common divisor of 243 and 189.
27
What is the greatest common divisor of 40 and 144?
8
Calculate the highest common factor of 695 and 5.
5
Calculate the greatest common divisor of 19 and 3553.
19
Calculate the greatest common factor of 3349 and 591.
197
What is the greatest common divisor of 36 and 85104?
36
What is the greatest common divisor of 112 and 3?
1
What is the highest common factor of 10692 and 72?
36
What is the highest common divisor of 63 and 657?
9
Calculate the highest common factor of 194 and 5141.
97
What is the greatest common factor of 513 and 19?
19
Calculate the highest common factor of 122 and 4.
2
What is the highest common factor of 62 and 5549?
31
What is the highest common factor of 120 and 15?
15
Calculate the greatest common factor of 4758 and 2013.
183
Calculate the highest common divisor of 814 and 550.
22
What is the greatest common divisor of 4913 and 17?
17
Calculate the greatest common divisor of 568 and 152.
8
What is the greatest common factor of 85 and 85?
85
What is the greatest common factor of 29 and 319?
29
Calculate the highest common factor of 91 and 247.
13
What is the highest common factor of 235 and 2162?
47
What is the greatest common factor of 39 and 247?
13
Calculate the greatest common divisor of 19 and 18.
1
What is the greatest common divisor of 20 and 788?
4
What is the highest common factor of 303 and 6?
3
What is the highest common divisor of 408 and 24?
24
What is the greatest common factor of 8 and 5500?
4
What is the greatest common factor of 126 and 414?
18
Calculate the greatest common divisor of 100 and 350.
50
Calculate the highest common factor of 27 and 28575.
9
What is the greatest common divisor of 1206 and 2144?
134
Calculate the greatest common divisor of 1746 and 18.
18
Calculate the highest common factor of 2018 and 16.
2
What is the greatest common divisor of 1345 and 10?
5
Calculate the greatest common divisor of 585 and 130.
65
Calculate the highest common factor of 3092 and 4.
4
Calculate the highest common divisor of 39648 and 252.
84
Calculate the greatest common divisor of 69 and 21.
3
What is the greatest common divisor of 18 and 144?
18
What is the highest common factor of 51 and 3009?
51
What is the greatest common divisor of 312 and 26676?
156
What is the greatest common divisor of 45 and 765?
45
What is the greatest common divisor of 11930 and 10?
10
Calculate the highest common factor of 90 and 290.
10
Calculate the greatest common divisor of 372 and 12.
12
Calculate the highest common divisor of 1590 and 30.
30
Calculate the greatest common factor of 374 and 8041.
187
What is the greatest common divisor of 33 and 33?
33
What is the greatest common divisor of 38 and 399?
19
What is the highest common factor of 928 and 29?
29
What is the highest common divisor of 16790 and 292?
146
Calculate the highest common factor of 172 and 688.
172
What is the highest common factor of 459 and 27?
27
Calculate the greatest common factor of 2323 and 101.
101
What is the greatest common factor of 1008 and 84?
84
Calculate the highest common divisor of 24 and 100824.
24
Calculate the greatest common divisor of 15 and 145.
5
Calculate the greatest common factor of 7 and 161.
7
Calculate the highest common divisor of 342 and 162.
18
What is the greatest common factor of 11480 and 280?
280
What is the highest common divisor of 34 and 5287?
17
What is the greatest common divisor of 69 and 10856?
23
What is the highest common divisor of 14 and 2898?
14
What is the greatest common divisor of 2233 and 2639?
203
What is the greatest common divisor of 306 and 36?
18
What is the greatest common factor of 12 and 2196?
12
Calculate the greatest common divisor of 330 and 7810.
110
What is the highest common divisor of 10588 and 4?
4
What is the highest common factor of 398 and 796?
398
What is the greatest common factor of 1620 and 495?
45
Calculate the highest common factor of 48 and 114.
6
What is the highest common factor of 5 and 2315?
5
What is the greatest common factor of 126 and 36?
18
What is the highest common factor of 6726 and 114?
114
Calculate the highest common divisor of 5405 and 920.
115
What is the greatest common divisor of 95 and 65?
5
What is the highest common divisor of 182 and 832?
26
What is the highest common factor of 4465 and 95?
95
What is the highest common factor of 15584 and 32?
32
Calculate the highest common divisor of 76 and 1786.
38
Calculate the highest common divisor of 3959 and 37.
37
What is the greatest common divisor of 13 and 533?
13
What is the highest common divisor of 4122 and 18?
18
What is the greatest common factor of 1802 and 68?
34
What is the greatest common factor of 55 and 44?
11
What is the highest common divisor of 130 and 4875?
65
Calculate the greatest common factor of 1648 and 64.
16
What is the highest common factor of 105 and 273?
21
What is the greatest common divisor of 14 and 7?
7
What is the highest common factor of 8 and 14?
2
What is the highest common factor of 17 and 41939?
17
What is the highest common divisor of 4140 and 30?
30
Calculate the highest common factor of 20 and 125.
5
What is the highest common factor of 26 and 2496?
26
Calculate the highest common divisor of 107 and 535.
107
What is the highest common factor of 151 and 11023?
151
Calculate the highest common divisor of 91 and 42.
7
What is the greatest common divisor of 8 and 3208?
8
What is the highest common divisor of 209 and 99?
11
What is the greatest common divisor of 26 and 16198?
26
What is the highest common factor of 608 and 1568?
32
What is the greatest common divisor of 1023 and 33?
33
Calculate the greatest common factor of 216 and 1593.
27
What is the highest common factor of 21 and 7?
7
Calculate the highest common divisor of 96 and 896.
32
What is the highest common factor of 164 and 5986?
82
What is the highest common divisor of 1705 and 55?
55
Calculate the highest common factor of 464 and 87.
29
What is the highest common factor of 72 and 2568?
24
Calculate the highest common divisor of 234 and 104.
26
What is the greatest common divisor of 87 and 29?
29
What is the greatest common factor of 45171 and 21?
21
Calculate the greatest common factor of 36 and 207.
9
Calculate the greatest common divisor of 108 and 5157.
27
What is the greatest common divisor of 3300 and 792?
132
What is the greatest common divisor of 8 and 184?
8
Calculate the greatest common divisor of 54 and 60.
6
What is the greatest common divisor of 76 and 24890?
38
Calculate the highest common divisor of 117 and 715.
13
What is the greatest common factor of 4455 and 264?
33
What is the highest common divisor of 70 and 805?
35
What is the highest common divisor of 1785 and 315?
105
Calculate the highest common factor of 7 and 237.
1
Calculate the highest common factor of 19 and 38.
19
Calculate the highest common factor of 19529 and 1324.
331
What is the highest common divisor of 24 and 150?
6
What is the highest common divisor of 4530 and 151?
151
Calculate the highest common factor of 49 and 43.
1
Calculate the greatest common divisor of 888 and 192.
24
What is the greatest common factor of 665 and 3290?
35
What is the greatest common factor of 35 and 1505?
35
What is the greatest common divisor of 9 and 1317?
3
Calculate the greatest common factor of 96 and 84.
12
What is the greatest common divisor of 4032 and 126?
126
What is the greatest common factor of 19318 and 78?
26
Calculate the greatest common factor of 27 and 1080.
27
What is the greatest common divisor of 5820 and 150?
30
What is the highest common factor of 304 and 684?
76
What is the highest common factor of 36 and 906?
6
What is the highest common divisor of 345 and 115?
115
Calculate the highest common factor of 35 and 7385.
35
Calculate the highest common factor of 18 and 5634.
18
Calculate the greatest common factor of 270 and 630.
90
What is the highest common divisor of 84 and 273?
21
Calculate the greatest common factor of 2046 and 744.
186
Calculate the highest commo